 when 1319551 is divided by 73308?
7
What is the remainder when 3892694 is divided by 1784?
6
Calculate the remainder when 5627964 is divided by 722.
696
Calculate the remainder when 34803 is divided by 32470.
2333
What is the remainder when 91808 is divided by 5749?
5573
Calculate the remainder when 164342374 is divided by 1043.
1036
Calculate the remainder when 482352 is divided by 441.
339
What is the remainder when 391896 is divided by 7394?
14
Calculate the remainder when 16811888 is divided by 730951.
15
Calculate the remainder when 300312 is divided by 60062.
2
What is the remainder when 4222007 is divided by 26?
23
What is the remainder when 2822263 is divided by 1306?
1303
What is the remainder when 576019 is divided by 1815?
664
What is the remainder when 363279 is divided by 172?
15
Calculate the remainder when 58769 is divided by 662.
513
Calculate the remainder when 648793 is divided by 2421.
2386
Calculate the remainder when 15222190 is divided by 387.
319
Calculate the remainder when 275944 is divided by 25.
19
Calculate the remainder when 64286331 is divided by 281.
275
Calculate the remainder when 4202980 is divided by 616.
12
What is the remainder when 32693157 is divided by 86?
85
Calculate the remainder when 374880 is divided by 417.
414
What is the remainder when 21883 is divided by 143?
4
Calculate the remainder when 381019 is divided by 46.
1
What is the remainder when 86055 is divided by 1468?
911
What is the remainder when 609499 is divided by 592?
331
What is the remainder when 14156738 is divided by 164613?
20
Calculate the remainder when 236010 is divided by 9822.
282
Calculate the remainder when 1744121 is divided by 5254.
5047
What is the remainder when 1147107 is divided by 286769?
31
What is the remainder when 513596 is divided by 4908?
3164
What is the remainder when 41453 is divided by 37?
13
Calculate the remainder when 361301 is divided by 20068.
77
Calculate the remainder when 339761 is divided by 4295.
456
Calculate the remainder when 21575973 is divided by 6140.
13
What is the remainder when 16774983 is divided by 7?
1
What is the remainder when 152536 is divided by 21760?
216
What is the remainder when 17530783 is divided by 411?
400
Calculate the remainder when 22040 is divided by 3063.
599
Calculate the remainder when 165687995 is divided by 1390.
1385
What is the remainder when 1208869 is divided by 26863?
34
What is the remainder when 1342806 is divided by 770?
696
What is the remainder when 27758 is divided by 13075?
1608
Calculate the remainder when 10230581 is divided by 24652.
1
What is the remainder when 13180 is divided by 203?
188
What is the remainder when 5207643 is divided by 1170?
1143
Calculate the remainder when 56963927 is divided by 14240976.
23
Calculate the remainder when 66153083 is divided by 1031.
1030
What is the remainder when 9836 is divided by 4129?
1578
What is the remainder when 221401 is divided by 9?
1
Calculate the remainder when 17826261 is divided by 1517.
1511
Calculate the remainder when 2124112 is divided by 403.
302
What is the remainder when 68203246 is divided by 95?
86
Calculate the remainder when 2599358 is divided by 22027.
172
Calculate the remainder when 4963246 is divided by 59798.
12
What is the remainder when 4014000 is divided by 18845?
15
What is the remainder when 528535 is divided by 33?
7
What is the remainder when 181470 is divided by 18108?
390
What is the remainder when 1044864 is divided by 4353?
144
Calculate the remainder when 2298372 is divided by 459653.
107
What is the remainder when 46926043 is divided by 988?
983
What is the remainder when 22922 is divided by 22781?
141
Calculate the remainder when 4913694 is divided by 287.
254
Calculate the remainder when 50455 is divided by 16608.
631
Calculate the remainder when 565185 is divided by 1349.
1303
What is the remainder when 404879 is divided by 1517?
1357
What is the remainder when 297523 is divided by 3128?
363
Calculate the remainder when 634962160 is divided by 158740537.
12
Calculate the remainder when 4271355 is divided by 64.
59
Calculate the remainder when 2045186 is divided by 340863.
8
What is the remainder when 1680970 is divided by 249?
220
What is the remainder when 3244057 is divided by 294913?
14
Calculate the remainder when 2861006 is divided by 699.
698
What is the remainder when 55882 is divided by 486?
478
What is the remainder when 156515 is divided by 153330?
3185
Calculate the remainder when 164645652 is divided by 2015.
2
What is the remainder when 1123839 is divided by 561889?
61
Calculate the remainder when 82555 is divided by 20548.
363
Calculate the remainder when 1289611 is divided by 644777.
57
Calculate the remainder when 8540649 is divided by 1594.
1591
Calculate the remainder when 30972313 is divided by 1539.
1477
Calculate the remainder when 3358794 is divided by 20356.
54
What is the remainder when 194078805 is divided by 378?
375
Calculate the remainder when 111567 is divided by 18561.
201
What is the remainder when 5583 is divided by 96?
15
Calculate the remainder when 5863088 is divided by 956.
896
What is the remainder when 7659321 is divided by 102?
39
Calculate the remainder when 1117024 is divided by 763.
755
Calculate the remainder when 44587 is divided by 104.
75
Calculate the remainder when 7569780 is divided by 184628.
32
Calculate the remainder when 16001 is divided by 2554.
677
Calculate the remainder when 208419 is divided by 103876.
667
What is the remainder when 12748860 is divided by 1106?
1104
Calculate the remainder when 2262462 is divided by 1334.
1332
What is the remainder when 32617 is divided by 10330?
1627
Calculate the remainder when 334083 is divided by 527.
492
What is the remainder when 9131261 is divided by 1485?
1481
What is the remainder when 63670785 is divided by 1197?
1158
What is the remainder when 11548733 is divided by 1154869?
43
What is the remainder when 22335904 is divided by 7445266?
106
What is the remainder when 194790 is divided by 937?
831
What is the remainder when 211797 is divided by 7842?
63
Calculate the remainder when 213525 is divided by 213505.
20
What is the remainder when 500735 is divided by 125171?
51
What is the remainder when 16083482 is divided by 106?
102
What is the remainder when 3375683 is divided by 298?
237
What is the remainder when 104101 is divided by 106?
9
Calculate the remainder when 161594343 is divided by 168.
15
Calculate the remainder when 189747 is divided by 61720.
4587
What is the remainder when 369391947 is divided by 2103?
2100
What is the remainder when 6104 is divided by 2000?
104
What is the remainder when 729653 is divided by 533?
509
What is the remainder when 31345787 is divided by 164?
139
Calculate the remainder when 36354737 is divided by 41.
37
Calculate the remainder when 118888 is divided by 29530.
768
Calculate the remainder when 16531937 is divided by 533288.
9
Calculate the remainder when 134614 is divided by 6950.
2564
What is the remainder when 307626227 is divided by 1469?
1468
Calculate the remainder when 735709 is divided by 183858.
277
Calculate the remainder when 2564862 is divided by 777.
762
What is the remainder when 129559 is divided by 1970?
1509
What is the remainder when 4030036 is divided by 427?
10
Calculate the remainder when 595121 is divided by 529.
525
What is the remainder when 640275759 is divided by 3526?
3523
Calculate the remainder when 527174 is divided by 105405.
149
What is the remainder when 51966999 is divided by 3912?
3903
Calculate the remainder when 646537324 is divided by 2122.
2120
What is the remainder when 65542 is divided by 1911?
568
What is the remainder when 6709275 is divided by 44?
23
What is the remainder when 22008 is divided by 791?
651
Calculate the remainder when 4537224 is divided by 2680.
2664
What is the remainder when 456097 is divided by 455136?
961
Calculate the remainder when 16323860 is divided by 4992.
20
What is the remainder when 1553177 is divided by 9?
2
Calculate the remainder when 276811 is divided by 39542.
17
Calculate the remainder when 1051857 is divided by 350278.
1023
Calculate the remainder when 1885135 is divided by 1854.
1471
Calculate the remainder when 381346 is divided by 1782.
1780
W